 common divisor of h and 3?
3
Let x = 35 + -32. What is the greatest common factor of x and 4?
1
Let d = -10 + 21. Let r = d - -1. Calculate the highest common factor of 30 and r.
6
Suppose -2*x = -2*f - 2, 3*x - 2*f + 1 = 4. Let p = 1 - x. Suppose y - 34 = -h, -2*h - 3*h - 10 = p. What is the highest common factor of y and 12?
12
Let m(x) = -x**2 + 4*x + 1. Let n be m(4). Calculate the greatest common factor of n and 9.
1
Let n = 13 - 7. Let k(a) = 2*a**2 - 1. Let j be k(-1). Let i = j + n. What is the highest common factor of 49 and i?
7
Let k = -40 + 42. Calculate the highest common factor of k and 18.
2
Let g = 0 - -3. Suppose 7*n - 4 = 3*n, -g*t + 10 = -2*n. Suppose 11 = 4*p - 3*a - 2, t*a = -5*p - 7. Calculate the highest common factor of p and 8.
1
Suppose 5*f = -4*o + 25, 5*o - 23 = f + f. Suppose 5*m - o = 5. Suppose 0 = -m*g + 3*g - 5. What is the greatest common factor of g and 20?
5
Let o = 94 + -86. What is the greatest common factor of 80 and o?
8
Let y = -87 - -91. What is the highest common divisor of 1 and y?
1
Let h = -32 - -52. Suppose -4*v = -3*v - h. What is the highest common divisor of 140 and v?
20
Suppose 3*i + 136 = 409. Let d = i + -37. Calculate the greatest common divisor of 6 and d.
6
Let d = -6 - -8. Let f be (d - 4)*(-42)/4. Let j(c) = -c**3 + 12*c**2 - c - 3. Let r be j(9). What is the highest common factor of r and f?
21
Let b(s) = s + 12. Let i be b(-8). What is the greatest common factor of 8 and i?
4
Let l(q) be the third derivative of -q**4/24 - 9*q**2. Let f be -10 + 1 + -1 + 0. Let x be l(f). What is the highest common factor of x and 2?
2
Let i(x) = -4*x + x - 29*x**2 - 1 + 30*x**2 + 5. Let j be i(4). Let h = -70 + 126. Calculate the highest common factor of h and j.
8
Suppose 5*b - 1 = 3*p + 7, 3*b - 12 = 0. Let x = 11 + -3. Calculate the highest common factor of p and x.
4
Let q(b) = -49*b**3 + 2*b**2 - 1. Let j be q(-1). Let v(d) = d**3 + 7*d**2 + 4*d + 1. Let g be v(-3). What is the highest common factor of g and j?
25
Let n = -34 - -62. What is the highest common factor of 280 and n?
28
Suppose 5*u + 0*u = 75. Calculate the highest common factor of 5 and u.
5
Suppose n - 52 = -4*l - l, 2*l = -5*n + 7. Calculate the highest common divisor of 11 and l.
11
Let m(z) = z**2 - 3*z - 1. Let q be m(4). Suppose -q*t + s + 7 = -50, -t = 4*s - 6. Calculate the highest common factor of 9 and t.
9
Suppose -4*w + 7*w - p = 347, p - 472 = -4*w. Calculate the greatest common divisor of w and 78.
39
Let i(x) = 13*x**2 - x - 2. Let h be i(-1). What is the greatest common divisor of 6 and h?
6
Suppose -o = -2*g + 26, 26 = 2*g - 7*o + 4*o. Suppose 1064 - 349 = 5*x. What is the greatest common divisor of x and g?
13
Suppose 4*s - 5*n = -421, 2*n + 47 = -s - 42. Let v be 2/((-101)/s + -1). What is the highest common divisor of 11 and v?
11
Let v be (-42)/(-2)*(9 - 4). Let y be -2 - -20 - (9 - 4 - 2). Calculate the greatest common divisor of y and v.
15
Let j(g) = 6*g**2. Let s be j(-1). Let t = s - 4. Suppose t*w - 2*m = 78, 198 = 3*w + 2*w - 4*m. What is the highest common factor of w and 28?
14
Let x = 15 - 12. Suppose 4*g + 5*s = 13, -5*s + 0 = -4*g + x. Calculate the highest common factor of 14 and g.
2
Let k be 57/2*192/36. Suppose 2*r = k + 118. What is the greatest common factor of 27 and r?
27
Let r(o) = o**3 - 9*o**2 + 3*o + 3. Let b be r(9). Suppose 2*w = 35 - 1. Suppose 2*q - w = 23. Calculate the highest common factor of b and q.
10
Let k be (-224)/22 - 4/(-22). Let c = -7 - k. Calculate the highest common divisor of 2 and c.
1
Let y(s) = s**2 + 11*s - 11. Let v be y(-13). What is the highest common divisor of 15 and v?
15
Let z = -31 - -76. Calculate the greatest common divisor of z and 135.
45
Let u(y) = -4*y - 1. Let w = 13 + -18. Let v be u(w). Let m be (-1)/((-2)/(-57))*-2. What is the highest common factor of v and m?
19
Let u(k) = -k + 15. Let w be u(-18). What is the greatest common divisor of w and 22?
11
Suppose -7*o = -3*o - 196. Suppose 3*n = 5*n - 8. Suppose -3*b = -q - 26 + 8, -2*b + n*q + 2 = 0. Calculate the highest common divisor of o and b.
7
Let d(q) = 7*q - 21. Let j be d(4). What is the greatest common divisor of 28 and j?
7
Let o be (-2)/(-6) - (-124)/6. Let b be o/(-7)*(-13)/3. What is the highest common factor of 65 and b?
13
Let z(x) be the third derivative of 0*x + 3/8*x**4 + x**2 + 0 + 0*x**3 - 1/60*x**5. Let w be z(6). What is the greatest common factor of 27 and w?
9
Let t(r) = -r**2 + 13*r - 7. Let z be t(12). Let m be ((-12)/z)/(2/(-10)). Calculate the greatest common factor of 30 and m.
6
Let z = -3 + 4. Suppose z + 1 = i. Let n be (8/5)/(i/5). What is the greatest common divisor of n and 16?
4
Suppose 4*i - 170 = -i. Suppose -s - 30 = -208. Let v = 263 - s. What is the greatest common factor of i and v?
17
Let r be 0/(-1) + 5/1. Suppose -40 = -0*n - r*n. Calculate the highest common factor of n and 16.
8
Suppose 4*r + 5*x - 36 = 0, -2*r + 2 = -3*x + 6. What is the highest common factor of r and 4?
4
Let f be (-2)/11 + 414/99 - 1. Let w be 0 + 6/(1 - -1). Calculate the greatest common factor of w and f.
3
Suppose g - 37 + 831 = 0. Let b be (-4)/18 - g/9. What is the greatest common factor of 11 and b?
11
Let k = -5 - -5. Let w be (-23 + 1 + k)/(-2). What is the highest common divisor of w and 121?
11
Let r be (-1)/4 + 73/4. Let x be 12 - (0 - (1 + -1)). What is the greatest common divisor of r and x?
6
Suppose -x = -1 - 3. Let u = 2 - -2. Suppose -5*i = -i - u. Calculate the highest common divisor of i and x.
1
Let c(m) = m**2 + 6*m + 9. Let f be c(-6). Let d = -20 - -21. Calculate the highest common factor of f and d.
1
Let f(p) = p**3 + p**2 + p - 8. Let j be f(0). Let m be 38/8 - 2/j. Calculate the greatest common divisor of 25 and m.
5
Let s(a) = -a**3 + 13*a**2 + 14*a + 15. Let r be s(14). What is the highest common factor of r and 10?
5
Suppose 0 = 5*p, -t + 4*p = -3*t + 20. Let g be ((-48)/t)/(5/(-25)). What is the highest common factor of g and 8?
8
Let q = 111 - 27. Let n = 55 - 43. Calculate the greatest common divisor of q and n.
12
Let l = 11 + -2. Suppose -4*w + 6 = -2*d + 3*d, w - 3*d - 8 = 0. Let t = 16 + w. Calculate the greatest common divisor of l and t.
9
Let t(k) = -5*k - 32. Let x be t(-8). Suppose -3*d = -32 - 40. Calculate the greatest common factor of x and d.
8
Let q be 4/10 - 318/(-5). Suppose 4*h + l - q = -3*l, 5*h = -3*l + 76. Calculate the greatest common divisor of h and 70.
14
Let j(d) = 3*d + 1. Let y be ((-1)/(-1 + 0))/1. Let o be j(y). Suppose -h - 2*h + o*i = -158, 3*i = h - 51. Calculate the greatest common factor of 6 and h.
6
Let b be (-24)/(-14) - (-10)/35. Suppose -b*j - 50 = -7*j. Calculate the greatest common factor of j and 4.
2
Suppose 3 = -5*p + 2*i, p + 5 = -5*i - 1. Let q be (p/3)/(4/(-24)). What is the highest common divisor of 1 and q?
1
Let h be (0 - -1)*16 + 2. Suppose 32 - 482 = -5*q. What is the highest common factor of q and h?
18
Let j(d) = -d**3 + 4*d**2 + 6*d - 6. Let w be j(5). Let n be (1 + -97)*w/2. Suppose 82 = -7*f + 306. What is the greatest common divisor of n and f?
16
Suppose 0 = 3*w - 127 + 31. Let x(k) = 11*k + 25. Let h be x(5). What is the greatest common factor of h and w?
16
Let u be 4/((15/6)/5). What is the highest common divisor of 20 and u?
4
Suppose 15*a - 9 = 14*a. Calculate the greatest common divisor of 3 and a.
3
Let m(a) = a**2 - 7*a - 6. Let y be m(8). Suppose -l = -2*f + 44, 3*f - 12 = y*l + 55. Calculate the greatest common factor of 3 and f.
3
Let a(b) = 38*b - 1. Let m be a(3). Suppose -5*q + m = 33. Calculate the greatest common divisor of 64 and q.
16
Suppose -6*w + 2*w + 8 = 0. Let a be 24/(w + 9/(-6)). Let d = -13 - -29. What is the highest common factor of d and a?
16
Suppose -3*n = v - 6*n, 3*v + n - 10 = 0. Let j be (-3 + 19/v)*6. What is the highest common factor of 50 and j?
10
Suppose -3*w + 17 = j, -2*w + 4*w = 4*j - 54. Let f = 136 - 38. What is the highest common divisor of f and j?
14
Let y be (-4)/(-6)*15/2. Suppose -4*n + 42 = -y*b, -3*n - 2*b + 4 = -39. Calculate the greatest common divisor of 13 and n.
13
Suppose 170 = 3*q - 4*w, 5*q - 201 = w + 54. Calculate the highest common divisor of 25 and q.
25
Let l be 10/25 + 13/5. Calculate the greatest common factor of l an